{"id":92,"date":"2019-01-17T18:39:57","date_gmt":"2019-01-17T17:39:57","guid":{"rendered":"https:\/\/www.eislub.be\/?page_id=92"},"modified":"2019-01-18T11:43:11","modified_gmt":"2019-01-18T10:43:11","slug":"nos-services","status":"publish","type":"page","link":"https:\/\/www.eislub.be\/index.php\/nos-services\/","title":{"rendered":"Nos Services"},"content":{"rendered":"\n<p>La  soci\u00e9t\u00e9 E.I.S est sp\u00e9cialis\u00e9e dans l&rsquo;\u00e9laboration et la mise en  \u0153uvre de plans &nbsp; de graissage et de lubrification. E.I.S a con\u00e7u et  d\u00e9velopp\u00e9 son programme informatique de suivi : le Win EIS.<\/p>\n\n\n\n<p>Nous intervenons soit sous forme de missions ponctuelles, soit sous   forme de contrats&nbsp;d&rsquo;externalisation de la fonction lubrification en   prenant en charge notre personnel sur site.<\/p>\n\n\n\n<p>Vous avez un parc de machines important ?<br>Vous avez des casses et des arr\u00eats de production ?<br>Vous avez des consommations de produits importants ?<\/p>\n\n\n\n<h2 class=\"wp-block-heading\">E.I.S est votre partenaire pour : <\/h2>\n\n\n\n<ul class=\"wp-block-list\"><li>La maintenance globale de graissage et lubrification sur site.<\/li><li>L&rsquo;\u00e9tude et r\u00e9alisation de graissages centralis\u00e9s.<\/li><li>L&rsquo;\u00e9laboration de points rapport\u00e9s pour le graissage en marche des \u00e9l\u00e9ments tournants.<\/li><li>L&rsquo;\u00e9laboration et la mise en place des syst\u00e8mes double ligne.<\/li><li>L&rsquo;\u00e9laboration et la mise en place d&rsquo;un syst\u00e8me progressif.<\/li><\/ul>\n\n\n\n<h2 class=\"wp-block-heading\">Mais aussi les op\u00e9rations pr\u00e9vues au plan de graissage &amp; de lubrification :<\/h2>\n\n\n\n<ul class=\"wp-block-list\"><li>Le graissage pr\u00e9ventif et maintien en \u00e9tat de propret\u00e9 des diff\u00e9rents organes.<\/li><li> Le contr\u00f4le de fonctionnement des graissages centralis\u00e9s et des \u00e9quipements.<\/li><li> Le contr\u00f4le et le changement des syst\u00e8mes de graissages cartouches jetables style Perma.<\/li><li> Le contr\u00f4le des niveaux et l&rsquo;ex\u00e9cution des appoints ou vidanges n\u00e9cessaires sur tous les r\u00e9ducteurs, les centrales de graissage et les \u00e9quipements d&rsquo;hydraulique de puissance.<\/li><li> Le graissage des moteurs \u00e9lectriques.<\/li><\/ul>\n\n\n\n<h2 class=\"wp-block-heading\">Les contr\u00f4les sp\u00e9cifiques :<\/h2>\n\n\n\n<ul class=\"wp-block-list\"><li>V\u00e9rification des fuites et suintements des joints \u00e0 l\u00e8vres.<\/li><li> La d\u00e9tection d&rsquo;anomalies (bruits anormaux, fuites, \u00e9chauffements etc.)<\/li><li> Prise d&rsquo;\u00e9chantillons.<\/li><li> Suivi des temp\u00e9ratures et examen des surplus avant \u00e9limination (recherche de corps \u00e9tranger \u2026)<\/li><li> Relev\u00e9s de delta P &amp; T.<\/li><\/ul>\n","protected":false},"excerpt":{"rendered":"<p>La soci\u00e9t\u00e9 E.I.S est sp\u00e9cialis\u00e9e dans l&rsquo;\u00e9laboration et la mise en \u0153uvre de plans &nbsp; de graissage et de lubrification. E.I.S a con\u00e7u et d\u00e9velopp\u00e9 son programme informatique de suivi : le Win EIS. Nous intervenons soit sous forme de missions ponctuelles, soit sous forme de contrats&nbsp;d&rsquo;externalisation de la fonction lubrification en prenant en charge [&hellip;]<\/p>\n","protected":false},"author":1,"featured_media":57,"parent":0,"menu_order":0,"comment_status":"closed","ping_status":"closed","template":"","meta":{"footnotes":""},"class_list":["post-92","page","type-page","status-publish","has-post-thumbnail","hentry"],"yoast_head":"<!-- This site is optimized with the Yoast SEO plugin v27.5 - https:\/\/yoast.com\/product\/yoast-seo-wordpress\/ -->\n<title>Nos Services - E.I.S. Lubrification industrielle<\/title>\n<meta name=\"robots\" content=\"index, follow, max-snippet:-1, max-image-preview:large, max-video-preview:-1\" \/>\n<link rel=\"canonical\" href=\"https:\/\/www.eislub.be\/index.php\/nos-services\/\" \/>\n<meta property=\"og:locale\" content=\"fr_FR\" \/>\n<meta property=\"og:type\" content=\"article\" \/>\n<meta property=\"og:title\" content=\"Nos Services - E.I.S. Lubrification industrielle\" \/>\n<meta property=\"og:description\" content=\"La soci\u00e9t\u00e9 E.I.S est sp\u00e9cialis\u00e9e dans l&rsquo;\u00e9laboration et la mise en \u0153uvre de plans &nbsp; de graissage et de lubrification. E.I.S a con\u00e7u et d\u00e9velopp\u00e9 son programme informatique de suivi : le Win EIS. Nous intervenons soit sous forme de missions ponctuelles, soit sous forme de contrats&nbsp;d&rsquo;externalisation de la fonction lubrification en prenant en charge [&hellip;]\" \/>\n<meta property=\"og:url\" content=\"https:\/\/www.eislub.be\/index.php\/nos-services\/\" \/>\n<meta property=\"og:site_name\" content=\"E.I.S. Lubrification industrielle\" \/>\n<meta property=\"article:modified_time\" content=\"2019-01-18T10:43:11+00:00\" \/>\n<meta property=\"og:image\" content=\"https:\/\/www.eislub.be\/wp-content\/uploads\/2019\/01\/engine.png\" \/>\n\t<meta property=\"og:image:width\" content=\"347\" \/>\n\t<meta property=\"og:image:height\" content=\"254\" \/>\n\t<meta property=\"og:image:type\" content=\"image\/png\" \/>\n<meta name=\"twitter:card\" content=\"summary_large_image\" \/>\n<meta name=\"twitter:label1\" content=\"Dur\u00e9e de lecture estim\u00e9e\" \/>\n\t<meta name=\"twitter:data1\" content=\"1 minute\" \/>\n<script type=\"application\/ld+json\" class=\"yoast-schema-graph\">{\"@context\":\"https:\\\/\\\/schema.org\",\"@graph\":[{\"@type\":\"WebPage\",\"@id\":\"https:\\\/\\\/www.eislub.be\\\/index.php\\\/nos-services\\\/\",\"url\":\"https:\\\/\\\/www.eislub.be\\\/index.php\\\/nos-services\\\/\",\"name\":\"Nos Services - E.I.S. Lubrification industrielle\",\"isPartOf\":{\"@id\":\"https:\\\/\\\/www.eislub.be\\\/#website\"},\"primaryImageOfPage\":{\"@id\":\"https:\\\/\\\/www.eislub.be\\\/index.php\\\/nos-services\\\/#primaryimage\"},\"image\":{\"@id\":\"https:\\\/\\\/www.eislub.be\\\/index.php\\\/nos-services\\\/#primaryimage\"},\"thumbnailUrl\":\"https:\\\/\\\/www.eislub.be\\\/wp-content\\\/uploads\\\/2019\\\/01\\\/engine.png\",\"datePublished\":\"2019-01-17T17:39:57+00:00\",\"dateModified\":\"2019-01-18T10:43:11+00:00\",\"breadcrumb\":{\"@id\":\"https:\\\/\\\/www.eislub.be\\\/index.php\\\/nos-services\\\/#breadcrumb\"},\"inLanguage\":\"fr-FR\",\"potentialAction\":[{\"@type\":\"ReadAction\",\"target\":[\"https:\\\/\\\/www.eislub.be\\\/index.php\\\/nos-services\\\/\"]}]},{\"@type\":\"ImageObject\",\"inLanguage\":\"fr-FR\",\"@id\":\"https:\\\/\\\/www.eislub.be\\\/index.php\\\/nos-services\\\/#primaryimage\",\"url\":\"https:\\\/\\\/www.eislub.be\\\/wp-content\\\/uploads\\\/2019\\\/01\\\/engine.png\",\"contentUrl\":\"https:\\\/\\\/www.eislub.be\\\/wp-content\\\/uploads\\\/2019\\\/01\\\/engine.png\",\"width\":347,\"height\":254,\"caption\":\"engrenage\"},{\"@type\":\"BreadcrumbList\",\"@id\":\"https:\\\/\\\/www.eislub.be\\\/index.php\\\/nos-services\\\/#breadcrumb\",\"itemListElement\":[{\"@type\":\"ListItem\",\"position\":1,\"name\":\"Accueil\",\"item\":\"https:\\\/\\\/www.eislub.be\\\/\"},{\"@type\":\"ListItem\",\"position\":2,\"name\":\"Nos Services\"}]},{\"@type\":\"WebSite\",\"@id\":\"https:\\\/\\\/www.eislub.be\\\/#website\",\"url\":\"https:\\\/\\\/www.eislub.be\\\/\",\"name\":\"E.I.S. Lubrification industrielle\",\"description\":\"Une garantie de fiabilit\u00e9, des professionnels \u00e0 votre service\",\"publisher\":{\"@id\":\"https:\\\/\\\/www.eislub.be\\\/#organization\"},\"potentialAction\":[{\"@type\":\"SearchAction\",\"target\":{\"@type\":\"EntryPoint\",\"urlTemplate\":\"https:\\\/\\\/www.eislub.be\\\/?s={search_term_string}\"},\"query-input\":{\"@type\":\"PropertyValueSpecification\",\"valueRequired\":true,\"valueName\":\"search_term_string\"}}],\"inLanguage\":\"fr-FR\"},{\"@type\":\"Organization\",\"@id\":\"https:\\\/\\\/www.eislub.be\\\/#organization\",\"name\":\"eis\",\"url\":\"https:\\\/\\\/www.eislub.be\\\/\",\"logo\":{\"@type\":\"ImageObject\",\"inLanguage\":\"fr-FR\",\"@id\":\"https:\\\/\\\/www.eislub.be\\\/#\\\/schema\\\/logo\\\/image\\\/\",\"url\":\"https:\\\/\\\/www.eislub.be\\\/wp-content\\\/uploads\\\/2019\\\/01\\\/eislogopetit.jpg\",\"contentUrl\":\"https:\\\/\\\/www.eislub.be\\\/wp-content\\\/uploads\\\/2019\\\/01\\\/eislogopetit.jpg\",\"width\":268,\"height\":80,\"caption\":\"eis\"},\"image\":{\"@id\":\"https:\\\/\\\/www.eislub.be\\\/#\\\/schema\\\/logo\\\/image\\\/\"}}]}<\/script>\n<!-- \/ Yoast SEO plugin. -->","yoast_head_json":{"title":"Nos Services - E.I.S. Lubrification industrielle","robots":{"index":"index","follow":"follow","max-snippet":"max-snippet:-1","max-image-preview":"max-image-preview:large","max-video-preview":"max-video-preview:-1"},"canonical":"https:\/\/www.eislub.be\/index.php\/nos-services\/","og_locale":"fr_FR","og_type":"article","og_title":"Nos Services - E.I.S. Lubrification industrielle","og_description":"La soci\u00e9t\u00e9 E.I.S est sp\u00e9cialis\u00e9e dans l&rsquo;\u00e9laboration et la mise en \u0153uvre de plans &nbsp; de graissage et de lubrification. E.I.S a con\u00e7u et d\u00e9velopp\u00e9 son programme informatique de suivi : le Win EIS. Nous intervenons soit sous forme de missions ponctuelles, soit sous forme de contrats&nbsp;d&rsquo;externalisation de la fonction lubrification en prenant en charge [&hellip;]","og_url":"https:\/\/www.eislub.be\/index.php\/nos-services\/","og_site_name":"E.I.S. Lubrification industrielle","article_modified_time":"2019-01-18T10:43:11+00:00","og_image":[{"width":347,"height":254,"url":"https:\/\/www.eislub.be\/wp-content\/uploads\/2019\/01\/engine.png","type":"image\/png"}],"twitter_card":"summary_large_image","twitter_misc":{"Dur\u00e9e de lecture estim\u00e9e":"1 minute"},"schema":{"@context":"https:\/\/schema.org","@graph":[{"@type":"WebPage","@id":"https:\/\/www.eislub.be\/index.php\/nos-services\/","url":"https:\/\/www.eislub.be\/index.php\/nos-services\/","name":"Nos Services - E.I.S. Lubrification industrielle","isPartOf":{"@id":"https:\/\/www.eislub.be\/#website"},"primaryImageOfPage":{"@id":"https:\/\/www.eislub.be\/index.php\/nos-services\/#primaryimage"},"image":{"@id":"https:\/\/www.eislub.be\/index.php\/nos-services\/#primaryimage"},"thumbnailUrl":"https:\/\/www.eislub.be\/wp-content\/uploads\/2019\/01\/engine.png","datePublished":"2019-01-17T17:39:57+00:00","dateModified":"2019-01-18T10:43:11+00:00","breadcrumb":{"@id":"https:\/\/www.eislub.be\/index.php\/nos-services\/#breadcrumb"},"inLanguage":"fr-FR","potentialAction":[{"@type":"ReadAction","target":["https:\/\/www.eislub.be\/index.php\/nos-services\/"]}]},{"@type":"ImageObject","inLanguage":"fr-FR","@id":"https:\/\/www.eislub.be\/index.php\/nos-services\/#primaryimage","url":"https:\/\/www.eislub.be\/wp-content\/uploads\/2019\/01\/engine.png","contentUrl":"https:\/\/www.eislub.be\/wp-content\/uploads\/2019\/01\/engine.png","width":347,"height":254,"caption":"engrenage"},{"@type":"BreadcrumbList","@id":"https:\/\/www.eislub.be\/index.php\/nos-services\/#breadcrumb","itemListElement":[{"@type":"ListItem","position":1,"name":"Accueil","item":"https:\/\/www.eislub.be\/"},{"@type":"ListItem","position":2,"name":"Nos Services"}]},{"@type":"WebSite","@id":"https:\/\/www.eislub.be\/#website","url":"https:\/\/www.eislub.be\/","name":"E.I.S. Lubrification industrielle","description":"Une garantie de fiabilit\u00e9, des professionnels \u00e0 votre service","publisher":{"@id":"https:\/\/www.eislub.be\/#organization"},"potentialAction":[{"@type":"SearchAction","target":{"@type":"EntryPoint","urlTemplate":"https:\/\/www.eislub.be\/?s={search_term_string}"},"query-input":{"@type":"PropertyValueSpecification","valueRequired":true,"valueName":"search_term_string"}}],"inLanguage":"fr-FR"},{"@type":"Organization","@id":"https:\/\/www.eislub.be\/#organization","name":"eis","url":"https:\/\/www.eislub.be\/","logo":{"@type":"ImageObject","inLanguage":"fr-FR","@id":"https:\/\/www.eislub.be\/#\/schema\/logo\/image\/","url":"https:\/\/www.eislub.be\/wp-content\/uploads\/2019\/01\/eislogopetit.jpg","contentUrl":"https:\/\/www.eislub.be\/wp-content\/uploads\/2019\/01\/eislogopetit.jpg","width":268,"height":80,"caption":"eis"},"image":{"@id":"https:\/\/www.eislub.be\/#\/schema\/logo\/image\/"}}]}},"_links":{"self":[{"href":"https:\/\/www.eislub.be\/index.php\/wp-json\/wp\/v2\/pages\/92","targetHints":{"allow":["GET"]}}],"collection":[{"href":"https:\/\/www.eislub.be\/index.php\/wp-json\/wp\/v2\/pages"}],"about":[{"href":"https:\/\/www.eislub.be\/index.php\/wp-json\/wp\/v2\/types\/page"}],"author":[{"embeddable":true,"href":"https:\/\/www.eislub.be\/index.php\/wp-json\/wp\/v2\/users\/1"}],"replies":[{"embeddable":true,"href":"https:\/\/www.eislub.be\/index.php\/wp-json\/wp\/v2\/comments?post=92"}],"version-history":[{"count":8,"href":"https:\/\/www.eislub.be\/index.php\/wp-json\/wp\/v2\/pages\/92\/revisions"}],"predecessor-version":[{"id":175,"href":"https:\/\/www.eislub.be\/index.php\/wp-json\/wp\/v2\/pages\/92\/revisions\/175"}],"wp:featuredmedia":[{"embeddable":true,"href":"https:\/\/www.eislub.be\/index.php\/wp-json\/wp\/v2\/media\/57"}],"wp:attachment":[{"href":"https:\/\/www.eislub.be\/index.php\/wp-json\/wp\/v2\/media?parent=92"}],"curies":[{"name":"wp","href":"https:\/\/api.w.org\/{rel}","templated":true}]}}