{"id":218,"date":"2019-01-18T12:56:59","date_gmt":"2019-01-18T11:56:59","guid":{"rendered":"https:\/\/www.eislub.be\/?page_id=218"},"modified":"2024-01-23T21:23:54","modified_gmt":"2024-01-23T20:23:54","slug":"mentions-legales","status":"publish","type":"page","link":"https:\/\/www.eislub.be\/index.php\/mentions-legales\/","title":{"rendered":"Mentions l\u00e9gales"},"content":{"rendered":"\n<h2 class=\"wp-block-heading\">Editeur<\/h2>\n\n\n\n<p>Le pr\u00e9sent site est \u00e9dit\u00e9 par\u00a0<strong>Daniel Pire Informatique srl<\/strong><br>Rue aux Granges 19<br>4480 Clermont-sous-Huy<br>N\u00b0 Entreprise : BE-0428.208.775<br>T\u00e9l. : +32 (0)4-275.34.04<br>Conception et d\u00e9veloppement : Daniel Pire<br><\/p>\n\n\n\n<h2 class=\"wp-block-heading\">Propri\u00e9t\u00e9 intellectuelle<\/h2>\n\n\n\n<p>L\u2019application mise en \u0153uvre pour ce site est propri\u00e9t\u00e9 exclusive de Daniel Pire Informatique sprl.<\/p>\n\n\n\n<p>Le contenu (textes, images, fiches techniques et autres informations quelles qu\u2019elles soient) sont propri\u00e9t\u00e9 de :<\/p>\n\n\n\n<p><strong>E.I.S. s.a.<\/strong><br>Rue Vin\u00e2ve 143<br>4480 Engis<br>T\u00e9l. : +32 (0)4-262.71.97-Responsable \u00e9ditorial: Jimmy Gordinne<br>Webmaster : Jimmy Gordinne<br><\/p>\n\n\n\n<p>Toute tentative de copie partielle ou totale de ce site expose le contrevenant \u00e0 des poursuites judiciaires. Tout manquement aux r\u00e8gles pr\u00e9cit\u00e9es expose son auteur \u00e0 la radiation du site et \u00e0 des sanctions civiles et \/ ou p\u00e9nales. En cas de litige, seul le droit belge est applicable, seuls les tribunaux de Li\u00e8ge sont comp\u00e9tents.<\/p>\n","protected":false},"excerpt":{"rendered":"<p>Editeur Le pr\u00e9sent site est \u00e9dit\u00e9 par\u00a0Daniel Pire Informatique srlRue aux Granges 194480 Clermont-sous-HuyN\u00b0 Entreprise : BE-0428.208.775T\u00e9l. : +32 (0)4-275.34.04Conception et d\u00e9veloppement : Daniel Pire Propri\u00e9t\u00e9 intellectuelle L\u2019application mise en \u0153uvre pour ce site est propri\u00e9t\u00e9 exclusive de Daniel Pire Informatique sprl. Le contenu (textes, images, fiches techniques et autres informations quelles qu\u2019elles soient) sont [&hellip;]<\/p>\n","protected":false},"author":1,"featured_media":0,"parent":0,"menu_order":0,"comment_status":"closed","ping_status":"closed","template":"","meta":{"footnotes":""},"class_list":["post-218","page","type-page","status-publish","hentry"],"yoast_head":"<!-- This site is optimized with the Yoast SEO plugin v27.5 - https:\/\/yoast.com\/product\/yoast-seo-wordpress\/ -->\n<title>Mentions l\u00e9gales - E.I.S. Lubrification industrielle<\/title>\n<meta name=\"robots\" content=\"index, follow, max-snippet:-1, max-image-preview:large, max-video-preview:-1\" \/>\n<link rel=\"canonical\" href=\"https:\/\/www.eislub.be\/index.php\/mentions-legales\/\" \/>\n<meta property=\"og:locale\" content=\"fr_FR\" \/>\n<meta property=\"og:type\" content=\"article\" \/>\n<meta property=\"og:title\" content=\"Mentions l\u00e9gales - E.I.S. Lubrification industrielle\" \/>\n<meta property=\"og:description\" content=\"Editeur Le pr\u00e9sent site est \u00e9dit\u00e9 par\u00a0Daniel Pire Informatique srlRue aux Granges 194480 Clermont-sous-HuyN\u00b0 Entreprise : BE-0428.208.775T\u00e9l. : +32 (0)4-275.34.04Conception et d\u00e9veloppement : Daniel Pire Propri\u00e9t\u00e9 intellectuelle L\u2019application mise en \u0153uvre pour ce site est propri\u00e9t\u00e9 exclusive de Daniel Pire Informatique sprl. Le contenu (textes, images, fiches techniques et autres informations quelles qu\u2019elles soient) sont [&hellip;]\" \/>\n<meta property=\"og:url\" content=\"https:\/\/www.eislub.be\/index.php\/mentions-legales\/\" \/>\n<meta property=\"og:site_name\" content=\"E.I.S. Lubrification industrielle\" \/>\n<meta property=\"article:modified_time\" content=\"2024-01-23T20:23:54+00:00\" \/>\n<meta name=\"twitter:card\" content=\"summary_large_image\" \/>\n<meta name=\"twitter:label1\" content=\"Dur\u00e9e de lecture estim\u00e9e\" \/>\n\t<meta name=\"twitter:data1\" content=\"1 minute\" \/>\n<script type=\"application\/ld+json\" class=\"yoast-schema-graph\">{\"@context\":\"https:\\\/\\\/schema.org\",\"@graph\":[{\"@type\":\"WebPage\",\"@id\":\"https:\\\/\\\/www.eislub.be\\\/index.php\\\/mentions-legales\\\/\",\"url\":\"https:\\\/\\\/www.eislub.be\\\/index.php\\\/mentions-legales\\\/\",\"name\":\"Mentions l\u00e9gales - E.I.S. Lubrification industrielle\",\"isPartOf\":{\"@id\":\"https:\\\/\\\/www.eislub.be\\\/#website\"},\"datePublished\":\"2019-01-18T11:56:59+00:00\",\"dateModified\":\"2024-01-23T20:23:54+00:00\",\"breadcrumb\":{\"@id\":\"https:\\\/\\\/www.eislub.be\\\/index.php\\\/mentions-legales\\\/#breadcrumb\"},\"inLanguage\":\"fr-FR\",\"potentialAction\":[{\"@type\":\"ReadAction\",\"target\":[\"https:\\\/\\\/www.eislub.be\\\/index.php\\\/mentions-legales\\\/\"]}]},{\"@type\":\"BreadcrumbList\",\"@id\":\"https:\\\/\\\/www.eislub.be\\\/index.php\\\/mentions-legales\\\/#breadcrumb\",\"itemListElement\":[{\"@type\":\"ListItem\",\"position\":1,\"name\":\"Accueil\",\"item\":\"https:\\\/\\\/www.eislub.be\\\/\"},{\"@type\":\"ListItem\",\"position\":2,\"name\":\"Mentions l\u00e9gales\"}]},{\"@type\":\"WebSite\",\"@id\":\"https:\\\/\\\/www.eislub.be\\\/#website\",\"url\":\"https:\\\/\\\/www.eislub.be\\\/\",\"name\":\"E.I.S. Lubrification industrielle\",\"description\":\"Une garantie de fiabilit\u00e9, des professionnels \u00e0 votre service\",\"publisher\":{\"@id\":\"https:\\\/\\\/www.eislub.be\\\/#organization\"},\"potentialAction\":[{\"@type\":\"SearchAction\",\"target\":{\"@type\":\"EntryPoint\",\"urlTemplate\":\"https:\\\/\\\/www.eislub.be\\\/?s={search_term_string}\"},\"query-input\":{\"@type\":\"PropertyValueSpecification\",\"valueRequired\":true,\"valueName\":\"search_term_string\"}}],\"inLanguage\":\"fr-FR\"},{\"@type\":\"Organization\",\"@id\":\"https:\\\/\\\/www.eislub.be\\\/#organization\",\"name\":\"eis\",\"url\":\"https:\\\/\\\/www.eislub.be\\\/\",\"logo\":{\"@type\":\"ImageObject\",\"inLanguage\":\"fr-FR\",\"@id\":\"https:\\\/\\\/www.eislub.be\\\/#\\\/schema\\\/logo\\\/image\\\/\",\"url\":\"https:\\\/\\\/www.eislub.be\\\/wp-content\\\/uploads\\\/2019\\\/01\\\/eislogopetit.jpg\",\"contentUrl\":\"https:\\\/\\\/www.eislub.be\\\/wp-content\\\/uploads\\\/2019\\\/01\\\/eislogopetit.jpg\",\"width\":268,\"height\":80,\"caption\":\"eis\"},\"image\":{\"@id\":\"https:\\\/\\\/www.eislub.be\\\/#\\\/schema\\\/logo\\\/image\\\/\"}}]}<\/script>\n<!-- \/ Yoast SEO plugin. -->","yoast_head_json":{"title":"Mentions l\u00e9gales - E.I.S. Lubrification industrielle","robots":{"index":"index","follow":"follow","max-snippet":"max-snippet:-1","max-image-preview":"max-image-preview:large","max-video-preview":"max-video-preview:-1"},"canonical":"https:\/\/www.eislub.be\/index.php\/mentions-legales\/","og_locale":"fr_FR","og_type":"article","og_title":"Mentions l\u00e9gales - E.I.S. Lubrification industrielle","og_description":"Editeur Le pr\u00e9sent site est \u00e9dit\u00e9 par\u00a0Daniel Pire Informatique srlRue aux Granges 194480 Clermont-sous-HuyN\u00b0 Entreprise : BE-0428.208.775T\u00e9l. : +32 (0)4-275.34.04Conception et d\u00e9veloppement : Daniel Pire Propri\u00e9t\u00e9 intellectuelle L\u2019application mise en \u0153uvre pour ce site est propri\u00e9t\u00e9 exclusive de Daniel Pire Informatique sprl. Le contenu (textes, images, fiches techniques et autres informations quelles qu\u2019elles soient) sont [&hellip;]","og_url":"https:\/\/www.eislub.be\/index.php\/mentions-legales\/","og_site_name":"E.I.S. Lubrification industrielle","article_modified_time":"2024-01-23T20:23:54+00:00","twitter_card":"summary_large_image","twitter_misc":{"Dur\u00e9e de lecture estim\u00e9e":"1 minute"},"schema":{"@context":"https:\/\/schema.org","@graph":[{"@type":"WebPage","@id":"https:\/\/www.eislub.be\/index.php\/mentions-legales\/","url":"https:\/\/www.eislub.be\/index.php\/mentions-legales\/","name":"Mentions l\u00e9gales - E.I.S. Lubrification industrielle","isPartOf":{"@id":"https:\/\/www.eislub.be\/#website"},"datePublished":"2019-01-18T11:56:59+00:00","dateModified":"2024-01-23T20:23:54+00:00","breadcrumb":{"@id":"https:\/\/www.eislub.be\/index.php\/mentions-legales\/#breadcrumb"},"inLanguage":"fr-FR","potentialAction":[{"@type":"ReadAction","target":["https:\/\/www.eislub.be\/index.php\/mentions-legales\/"]}]},{"@type":"BreadcrumbList","@id":"https:\/\/www.eislub.be\/index.php\/mentions-legales\/#breadcrumb","itemListElement":[{"@type":"ListItem","position":1,"name":"Accueil","item":"https:\/\/www.eislub.be\/"},{"@type":"ListItem","position":2,"name":"Mentions l\u00e9gales"}]},{"@type":"WebSite","@id":"https:\/\/www.eislub.be\/#website","url":"https:\/\/www.eislub.be\/","name":"E.I.S. Lubrification industrielle","description":"Une garantie de fiabilit\u00e9, des professionnels \u00e0 votre service","publisher":{"@id":"https:\/\/www.eislub.be\/#organization"},"potentialAction":[{"@type":"SearchAction","target":{"@type":"EntryPoint","urlTemplate":"https:\/\/www.eislub.be\/?s={search_term_string}"},"query-input":{"@type":"PropertyValueSpecification","valueRequired":true,"valueName":"search_term_string"}}],"inLanguage":"fr-FR"},{"@type":"Organization","@id":"https:\/\/www.eislub.be\/#organization","name":"eis","url":"https:\/\/www.eislub.be\/","logo":{"@type":"ImageObject","inLanguage":"fr-FR","@id":"https:\/\/www.eislub.be\/#\/schema\/logo\/image\/","url":"https:\/\/www.eislub.be\/wp-content\/uploads\/2019\/01\/eislogopetit.jpg","contentUrl":"https:\/\/www.eislub.be\/wp-content\/uploads\/2019\/01\/eislogopetit.jpg","width":268,"height":80,"caption":"eis"},"image":{"@id":"https:\/\/www.eislub.be\/#\/schema\/logo\/image\/"}}]}},"_links":{"self":[{"href":"https:\/\/www.eislub.be\/index.php\/wp-json\/wp\/v2\/pages\/218","targetHints":{"allow":["GET"]}}],"collection":[{"href":"https:\/\/www.eislub.be\/index.php\/wp-json\/wp\/v2\/pages"}],"about":[{"href":"https:\/\/www.eislub.be\/index.php\/wp-json\/wp\/v2\/types\/page"}],"author":[{"embeddable":true,"href":"https:\/\/www.eislub.be\/index.php\/wp-json\/wp\/v2\/users\/1"}],"replies":[{"embeddable":true,"href":"https:\/\/www.eislub.be\/index.php\/wp-json\/wp\/v2\/comments?post=218"}],"version-history":[{"count":4,"href":"https:\/\/www.eislub.be\/index.php\/wp-json\/wp\/v2\/pages\/218\/revisions"}],"predecessor-version":[{"id":344,"href":"https:\/\/www.eislub.be\/index.php\/wp-json\/wp\/v2\/pages\/218\/revisions\/344"}],"wp:attachment":[{"href":"https:\/\/www.eislub.be\/index.php\/wp-json\/wp\/v2\/media?parent=218"}],"curies":[{"name":"wp","href":"https:\/\/api.w.org\/{rel}","templated":true}]}}