{"id":118,"date":"2019-01-18T09:53:02","date_gmt":"2019-01-18T08:53:02","guid":{"rendered":"https:\/\/www.eislub.be\/?page_id=118"},"modified":"2023-01-18T12:52:34","modified_gmt":"2023-01-18T11:52:34","slug":"jobs","status":"publish","type":"page","link":"https:\/\/www.eislub.be\/index.php\/jobs\/","title":{"rendered":"Jobs"},"content":{"rendered":"\n<h2 class=\"wp-block-heading\">Offres d&#8217;emploi<\/h2>\n\n\n\n<div class=\"wp-block-image\"><figure class=\"alignright\"><img loading=\"lazy\" decoding=\"async\" width=\"300\" height=\"140\" src=\"https:\/\/www.eislub.be\/wp-content\/uploads\/2019\/01\/job-300x140.jpg\" alt=\"\" class=\"wp-image-58\" srcset=\"https:\/\/www.eislub.be\/wp-content\/uploads\/2019\/01\/job-300x140.jpg 300w, https:\/\/www.eislub.be\/wp-content\/uploads\/2019\/01\/job.jpg 645w\" sizes=\"auto, (max-width: 300px) 100vw, 300px\" \/><\/figure><\/div>\n\n\n\n<p>Afin  de poursuivre notre d\u00e9veloppement et renforcer notre \u00e9quipe de  professionnels, nous recherchons activement les profils suivants :<\/p>\n\n\n\n<p><\/p>\n\n\n\n<p>Plusieurs techniciens graisseurs visiteurs <\/p>\n\n\n\n<p>En tant que Technicien, vous aurez les responsabilit\u00e9s suivantes :<\/p>\n\n\n\n<ul class=\"wp-block-list\"><li>Effectuer l\u2019inspection et l\u2019entretien des \u00e9quipements et installations de nos clients<\/li><li>Identifier les probl\u00e8mes \u00e9ventuels. <\/li><\/ul>\n\n\n\n<p>Int\u00e9ress\u00e9(e) ? \u00a0<br>Pour plus d&rsquo;informations: \u00a0<br>Appelez Monsieur Jimmy Gordinne \u00a0<br>au num\u00e9ro suivant: 0496 55 69 57<br>mail : info@eislub.be<\/p>\n","protected":false},"excerpt":{"rendered":"<p>Offres d&#8217;emploi Afin de poursuivre notre d\u00e9veloppement et renforcer notre \u00e9quipe de professionnels, nous recherchons activement les profils suivants : Plusieurs techniciens graisseurs visiteurs En tant que Technicien, vous aurez les responsabilit\u00e9s suivantes : Effectuer l\u2019inspection et l\u2019entretien des \u00e9quipements et installations de nos clients Identifier les probl\u00e8mes \u00e9ventuels. Int\u00e9ress\u00e9(e) ? \u00a0Pour plus d&rsquo;informations: \u00a0Appelez [&hellip;]<\/p>\n","protected":false},"author":1,"featured_media":0,"parent":0,"menu_order":0,"comment_status":"closed","ping_status":"closed","template":"","meta":{"footnotes":""},"class_list":["post-118","page","type-page","status-publish","hentry"],"yoast_head":"<!-- This site is optimized with the Yoast SEO plugin v27.5 - https:\/\/yoast.com\/product\/yoast-seo-wordpress\/ -->\n<title>Jobs - E.I.S. Lubrification industrielle<\/title>\n<meta name=\"robots\" content=\"index, follow, max-snippet:-1, max-image-preview:large, max-video-preview:-1\" \/>\n<link rel=\"canonical\" href=\"https:\/\/www.eislub.be\/index.php\/jobs\/\" \/>\n<meta property=\"og:locale\" content=\"fr_FR\" \/>\n<meta property=\"og:type\" content=\"article\" \/>\n<meta property=\"og:title\" content=\"Jobs - E.I.S. Lubrification industrielle\" \/>\n<meta property=\"og:description\" content=\"Offres d&#8217;emploi Afin de poursuivre notre d\u00e9veloppement et renforcer notre \u00e9quipe de professionnels, nous recherchons activement les profils suivants : Plusieurs techniciens graisseurs visiteurs En tant que Technicien, vous aurez les responsabilit\u00e9s suivantes : Effectuer l\u2019inspection et l\u2019entretien des \u00e9quipements et installations de nos clients Identifier les probl\u00e8mes \u00e9ventuels. Int\u00e9ress\u00e9(e) ? \u00a0Pour plus d&rsquo;informations: \u00a0Appelez [&hellip;]\" \/>\n<meta property=\"og:url\" content=\"https:\/\/www.eislub.be\/index.php\/jobs\/\" \/>\n<meta property=\"og:site_name\" content=\"E.I.S. Lubrification industrielle\" \/>\n<meta property=\"article:modified_time\" content=\"2023-01-18T11:52:34+00:00\" \/>\n<meta property=\"og:image\" content=\"https:\/\/www.eislub.be\/wp-content\/uploads\/2019\/01\/job-300x140.jpg\" \/>\n<meta name=\"twitter:card\" content=\"summary_large_image\" \/>\n<meta name=\"twitter:label1\" content=\"Dur\u00e9e de lecture estim\u00e9e\" \/>\n\t<meta name=\"twitter:data1\" content=\"1 minute\" \/>\n<script type=\"application\/ld+json\" class=\"yoast-schema-graph\">{\"@context\":\"https:\\\/\\\/schema.org\",\"@graph\":[{\"@type\":\"WebPage\",\"@id\":\"https:\\\/\\\/www.eislub.be\\\/index.php\\\/jobs\\\/\",\"url\":\"https:\\\/\\\/www.eislub.be\\\/index.php\\\/jobs\\\/\",\"name\":\"Jobs - E.I.S. Lubrification industrielle\",\"isPartOf\":{\"@id\":\"https:\\\/\\\/www.eislub.be\\\/#website\"},\"primaryImageOfPage\":{\"@id\":\"https:\\\/\\\/www.eislub.be\\\/index.php\\\/jobs\\\/#primaryimage\"},\"image\":{\"@id\":\"https:\\\/\\\/www.eislub.be\\\/index.php\\\/jobs\\\/#primaryimage\"},\"thumbnailUrl\":\"https:\\\/\\\/www.eislub.be\\\/wp-content\\\/uploads\\\/2019\\\/01\\\/job-300x140.jpg\",\"datePublished\":\"2019-01-18T08:53:02+00:00\",\"dateModified\":\"2023-01-18T11:52:34+00:00\",\"breadcrumb\":{\"@id\":\"https:\\\/\\\/www.eislub.be\\\/index.php\\\/jobs\\\/#breadcrumb\"},\"inLanguage\":\"fr-FR\",\"potentialAction\":[{\"@type\":\"ReadAction\",\"target\":[\"https:\\\/\\\/www.eislub.be\\\/index.php\\\/jobs\\\/\"]}]},{\"@type\":\"ImageObject\",\"inLanguage\":\"fr-FR\",\"@id\":\"https:\\\/\\\/www.eislub.be\\\/index.php\\\/jobs\\\/#primaryimage\",\"url\":\"https:\\\/\\\/www.eislub.be\\\/wp-content\\\/uploads\\\/2019\\\/01\\\/job.jpg\",\"contentUrl\":\"https:\\\/\\\/www.eislub.be\\\/wp-content\\\/uploads\\\/2019\\\/01\\\/job.jpg\",\"width\":645,\"height\":302,\"caption\":\"job\"},{\"@type\":\"BreadcrumbList\",\"@id\":\"https:\\\/\\\/www.eislub.be\\\/index.php\\\/jobs\\\/#breadcrumb\",\"itemListElement\":[{\"@type\":\"ListItem\",\"position\":1,\"name\":\"Accueil\",\"item\":\"https:\\\/\\\/www.eislub.be\\\/\"},{\"@type\":\"ListItem\",\"position\":2,\"name\":\"Jobs\"}]},{\"@type\":\"WebSite\",\"@id\":\"https:\\\/\\\/www.eislub.be\\\/#website\",\"url\":\"https:\\\/\\\/www.eislub.be\\\/\",\"name\":\"E.I.S. Lubrification industrielle\",\"description\":\"Une garantie de fiabilit\u00e9, des professionnels \u00e0 votre service\",\"publisher\":{\"@id\":\"https:\\\/\\\/www.eislub.be\\\/#organization\"},\"potentialAction\":[{\"@type\":\"SearchAction\",\"target\":{\"@type\":\"EntryPoint\",\"urlTemplate\":\"https:\\\/\\\/www.eislub.be\\\/?s={search_term_string}\"},\"query-input\":{\"@type\":\"PropertyValueSpecification\",\"valueRequired\":true,\"valueName\":\"search_term_string\"}}],\"inLanguage\":\"fr-FR\"},{\"@type\":\"Organization\",\"@id\":\"https:\\\/\\\/www.eislub.be\\\/#organization\",\"name\":\"eis\",\"url\":\"https:\\\/\\\/www.eislub.be\\\/\",\"logo\":{\"@type\":\"ImageObject\",\"inLanguage\":\"fr-FR\",\"@id\":\"https:\\\/\\\/www.eislub.be\\\/#\\\/schema\\\/logo\\\/image\\\/\",\"url\":\"https:\\\/\\\/www.eislub.be\\\/wp-content\\\/uploads\\\/2019\\\/01\\\/eislogopetit.jpg\",\"contentUrl\":\"https:\\\/\\\/www.eislub.be\\\/wp-content\\\/uploads\\\/2019\\\/01\\\/eislogopetit.jpg\",\"width\":268,\"height\":80,\"caption\":\"eis\"},\"image\":{\"@id\":\"https:\\\/\\\/www.eislub.be\\\/#\\\/schema\\\/logo\\\/image\\\/\"}}]}<\/script>\n<!-- \/ Yoast SEO plugin. -->","yoast_head_json":{"title":"Jobs - E.I.S. Lubrification industrielle","robots":{"index":"index","follow":"follow","max-snippet":"max-snippet:-1","max-image-preview":"max-image-preview:large","max-video-preview":"max-video-preview:-1"},"canonical":"https:\/\/www.eislub.be\/index.php\/jobs\/","og_locale":"fr_FR","og_type":"article","og_title":"Jobs - E.I.S. Lubrification industrielle","og_description":"Offres d&#8217;emploi Afin de poursuivre notre d\u00e9veloppement et renforcer notre \u00e9quipe de professionnels, nous recherchons activement les profils suivants : Plusieurs techniciens graisseurs visiteurs En tant que Technicien, vous aurez les responsabilit\u00e9s suivantes : Effectuer l\u2019inspection et l\u2019entretien des \u00e9quipements et installations de nos clients Identifier les probl\u00e8mes \u00e9ventuels. Int\u00e9ress\u00e9(e) ? \u00a0Pour plus d&rsquo;informations: \u00a0Appelez [&hellip;]","og_url":"https:\/\/www.eislub.be\/index.php\/jobs\/","og_site_name":"E.I.S. Lubrification industrielle","article_modified_time":"2023-01-18T11:52:34+00:00","og_image":[{"url":"https:\/\/www.eislub.be\/wp-content\/uploads\/2019\/01\/job-300x140.jpg","type":"","width":"","height":""}],"twitter_card":"summary_large_image","twitter_misc":{"Dur\u00e9e de lecture estim\u00e9e":"1 minute"},"schema":{"@context":"https:\/\/schema.org","@graph":[{"@type":"WebPage","@id":"https:\/\/www.eislub.be\/index.php\/jobs\/","url":"https:\/\/www.eislub.be\/index.php\/jobs\/","name":"Jobs - E.I.S. Lubrification industrielle","isPartOf":{"@id":"https:\/\/www.eislub.be\/#website"},"primaryImageOfPage":{"@id":"https:\/\/www.eislub.be\/index.php\/jobs\/#primaryimage"},"image":{"@id":"https:\/\/www.eislub.be\/index.php\/jobs\/#primaryimage"},"thumbnailUrl":"https:\/\/www.eislub.be\/wp-content\/uploads\/2019\/01\/job-300x140.jpg","datePublished":"2019-01-18T08:53:02+00:00","dateModified":"2023-01-18T11:52:34+00:00","breadcrumb":{"@id":"https:\/\/www.eislub.be\/index.php\/jobs\/#breadcrumb"},"inLanguage":"fr-FR","potentialAction":[{"@type":"ReadAction","target":["https:\/\/www.eislub.be\/index.php\/jobs\/"]}]},{"@type":"ImageObject","inLanguage":"fr-FR","@id":"https:\/\/www.eislub.be\/index.php\/jobs\/#primaryimage","url":"https:\/\/www.eislub.be\/wp-content\/uploads\/2019\/01\/job.jpg","contentUrl":"https:\/\/www.eislub.be\/wp-content\/uploads\/2019\/01\/job.jpg","width":645,"height":302,"caption":"job"},{"@type":"BreadcrumbList","@id":"https:\/\/www.eislub.be\/index.php\/jobs\/#breadcrumb","itemListElement":[{"@type":"ListItem","position":1,"name":"Accueil","item":"https:\/\/www.eislub.be\/"},{"@type":"ListItem","position":2,"name":"Jobs"}]},{"@type":"WebSite","@id":"https:\/\/www.eislub.be\/#website","url":"https:\/\/www.eislub.be\/","name":"E.I.S. Lubrification industrielle","description":"Une garantie de fiabilit\u00e9, des professionnels \u00e0 votre service","publisher":{"@id":"https:\/\/www.eislub.be\/#organization"},"potentialAction":[{"@type":"SearchAction","target":{"@type":"EntryPoint","urlTemplate":"https:\/\/www.eislub.be\/?s={search_term_string}"},"query-input":{"@type":"PropertyValueSpecification","valueRequired":true,"valueName":"search_term_string"}}],"inLanguage":"fr-FR"},{"@type":"Organization","@id":"https:\/\/www.eislub.be\/#organization","name":"eis","url":"https:\/\/www.eislub.be\/","logo":{"@type":"ImageObject","inLanguage":"fr-FR","@id":"https:\/\/www.eislub.be\/#\/schema\/logo\/image\/","url":"https:\/\/www.eislub.be\/wp-content\/uploads\/2019\/01\/eislogopetit.jpg","contentUrl":"https:\/\/www.eislub.be\/wp-content\/uploads\/2019\/01\/eislogopetit.jpg","width":268,"height":80,"caption":"eis"},"image":{"@id":"https:\/\/www.eislub.be\/#\/schema\/logo\/image\/"}}]}},"_links":{"self":[{"href":"https:\/\/www.eislub.be\/index.php\/wp-json\/wp\/v2\/pages\/118","targetHints":{"allow":["GET"]}}],"collection":[{"href":"https:\/\/www.eislub.be\/index.php\/wp-json\/wp\/v2\/pages"}],"about":[{"href":"https:\/\/www.eislub.be\/index.php\/wp-json\/wp\/v2\/types\/page"}],"author":[{"embeddable":true,"href":"https:\/\/www.eislub.be\/index.php\/wp-json\/wp\/v2\/users\/1"}],"replies":[{"embeddable":true,"href":"https:\/\/www.eislub.be\/index.php\/wp-json\/wp\/v2\/comments?post=118"}],"version-history":[{"count":6,"href":"https:\/\/www.eislub.be\/index.php\/wp-json\/wp\/v2\/pages\/118\/revisions"}],"predecessor-version":[{"id":340,"href":"https:\/\/www.eislub.be\/index.php\/wp-json\/wp\/v2\/pages\/118\/revisions\/340"}],"wp:attachment":[{"href":"https:\/\/www.eislub.be\/index.php\/wp-json\/wp\/v2\/media?parent=118"}],"curies":[{"name":"wp","href":"https:\/\/api.w.org\/{rel}","templated":true}]}}